{"id":1348,"date":"2026-07-22T12:42:37","date_gmt":"2026-07-22T11:42:37","guid":{"rendered":"https:\/\/www.pro-act.at\/Jugendgemeinderat-Graz\/?page_id=1348"},"modified":"2026-08-04T14:15:20","modified_gmt":"2026-08-04T13:15:20","slug":"home","status":"publish","type":"page","link":"https:\/\/www.pro-act.at\/Jugendgemeinderat-Graz\/","title":{"rendered":"Home"},"content":{"rendered":"\n<div class=\"wp-block-media-text has-media-on-the-right is-stacked-on-mobile\"><div class=\"wp-block-media-text__content\">\n<p class=\"wp-block-paragraph\"><strong>Hast du eine Idee?<\/strong><\/p>\n\n\n\n<p class=\"wp-block-paragraph\"><strong>Dann mach bei proAct 2027 mit!<br \/>Bei uns gibt es bis zu \u20ac 5.000.- f\u00fcr dein Projekt!<\/strong><\/p>\n<\/div><figure class=\"wp-block-media-text__media\"><img loading=\"lazy\" decoding=\"async\" width=\"380\" height=\"380\" src=\"https:\/\/www.pro-act.at\/Jugendgemeinderat-Graz\/wp-content\/uploads\/2026\/07\/proAct-2027-Save-the-Date-1080-x-1080-px1-380x380.png\" alt=\"\" class=\"wp-image-1358 size-full\" srcset=\"https:\/\/www.pro-act.at\/Jugendgemeinderat-Graz\/wp-content\/uploads\/2026\/07\/proAct-2027-Save-the-Date-1080-x-1080-px1-380x380.png 380w, https:\/\/www.pro-act.at\/Jugendgemeinderat-Graz\/wp-content\/uploads\/2026\/07\/proAct-2027-Save-the-Date-1080-x-1080-px1-768x768.png 768w, https:\/\/www.pro-act.at\/Jugendgemeinderat-Graz\/wp-content\/uploads\/2026\/07\/proAct-2027-Save-the-Date-1080-x-1080-px1-624x624.png 624w, https:\/\/www.pro-act.at\/Jugendgemeinderat-Graz\/wp-content\/uploads\/2026\/07\/proAct-2027-Save-the-Date-1080-x-1080-px1.png 1080w\" sizes=\"auto, (max-width: 380px) 100vw, 380px\" \/><\/figure><\/div>\n\n\n\n<p class=\"has-text-align-center wp-block-paragraph\"><strong>Reiche deine Idee ein und \u00fcberzeuge andere Jugendliche.<\/strong><\/p>\n\n\n\n<div class=\"wp-block-columns is-layout-flex wp-container-core-columns-is-layout-8f761849 wp-block-columns-is-layout-flex\">\n<div class=\"wp-block-column is-layout-flow wp-block-column-is-layout-flow\" style=\"flex-basis:100%\">\n<div class=\"wp-block-buttons is-content-justification-center is-layout-flex wp-container-core-buttons-is-layout-f5f78b3b wp-block-buttons-is-layout-flex\">\n<div class=\"wp-block-button is-style-fill\"><a class=\"wp-block-button__link has-text-align-center wp-element-button\" href=\"https:\/\/www.pro-act.at\/Jugendgemeinderat-Graz\/mitmachen\/\" target=\"_blank\" rel=\"noreferrer noopener\"><strong>\ud83d\udfe5 Jetzt mitmachen<\/strong><\/a><\/div>\n\n\n\n<div class=\"wp-block-button is-style-fill\"><a class=\"wp-block-button__link has-text-align-center wp-element-button\" href=\"https:\/\/www.pro-act.at\/Jugendgemeinderat-Graz\/ablauf\/\" target=\"_blank\" rel=\"noreferrer noopener\"><strong>\u2b1b\ufe0f So funioniert&#8217;s<\/strong><\/a><\/div>\n<\/div>\n<\/div>\n<\/div>\n\n\n\n<p class=\"wp-block-paragraph\"><\/p>\n\n\n\n<div class=\"wp-block-media-text is-stacked-on-mobile\"><figure class=\"wp-block-media-text__media\"><img loading=\"lazy\" decoding=\"async\" width=\"380\" height=\"214\" src=\"https:\/\/www.pro-act.at\/Jugendgemeinderat-Graz\/wp-content\/uploads\/2026\/07\/Grafik-proAct-Orpheum-380x214.png\" alt=\"\" class=\"wp-image-1350 size-full\" srcset=\"https:\/\/www.pro-act.at\/Jugendgemeinderat-Graz\/wp-content\/uploads\/2026\/07\/Grafik-proAct-Orpheum-380x214.png 380w, https:\/\/www.pro-act.at\/Jugendgemeinderat-Graz\/wp-content\/uploads\/2026\/07\/Grafik-proAct-Orpheum-768x432.png 768w, https:\/\/www.pro-act.at\/Jugendgemeinderat-Graz\/wp-content\/uploads\/2026\/07\/Grafik-proAct-Orpheum-1536x864.png 1536w, https:\/\/www.pro-act.at\/Jugendgemeinderat-Graz\/wp-content\/uploads\/2026\/07\/Grafik-proAct-Orpheum-624x351.png 624w, https:\/\/www.pro-act.at\/Jugendgemeinderat-Graz\/wp-content\/uploads\/2026\/07\/Grafik-proAct-Orpheum.png 1920w\" sizes=\"auto, (max-width: 380px) 100vw, 380px\" \/><\/figure><div class=\"wp-block-media-text__content\">\n<p class=\"wp-block-paragraph\"><strong>Willst auch du Teil von proAct werden?<br \/><br \/>Dann reiche deine Idee ein und \u00fcberzeuge andere Jugendliche.<\/strong><\/p>\n<\/div><\/div>\n\n\n\n<h2 class=\"wp-block-heading\"><a href=\"https:\/\/www.pro-act.at\/Jugendgemeinderat-Graz\/ablauf\/\" data-type=\"page\" data-id=\"40\" target=\"_blank\" rel=\"noreferrer noopener\">Ablauf<\/a><\/h2>\n\n\n\n<ul class=\"wp-block-list\">\n<li>\ud83d\udca1<strong>Projektidee entwickeln<\/strong><\/li>\n\n\n\n<li>\ud83d\udcdd<strong>Projekt einreichen<\/strong><\/li>\n\n\n\n<li>\ud83c\udfa4<strong>Pr\u00e4sentieren<\/strong><\/li>\n\n\n\n<li>\ud83d\uddf3 <strong>Wahlen<\/strong><\/li>\n\n\n\n<li>\ud83d\ude80<strong>Projekt umsetzen<\/strong><\/li>\n<\/ul>\n\n\n\n<p class=\"wp-block-paragraph\"><strong>W\u00e4hrend des ganzes Ablaufs bekommst du Unterst\u00fctzung vom <a href=\"https:\/\/www.pro-act.at\/Jugendgemeinderat-Graz\/proact-team\/\" data-type=\"page\" data-id=\"1414\" target=\"_blank\" rel=\"noreferrer noopener\">proAct Team<\/a>.<\/strong> \ud83e\udd1d<\/p>\n\n\n\n<p class=\"wp-block-paragraph\"><\/p>\n","protected":false},"excerpt":{"rendered":"<p>Hast du eine Idee? Dann mach bei proAct 2027 mit!Bei uns gibt es bis zu \u20ac 5.000.- f\u00fcr dein Projekt! Reiche deine Idee ein und \u00fcberzeuge andere Jugendliche. Willst auch du Teil von proAct werden? Dann reiche deine Idee ein und \u00fcberzeuge andere Jugendliche. Ablauf W\u00e4hrend des ganzes Ablaufs bekommst du Unterst\u00fctzung vom proAct Team. [&hellip;]<\/p>\n","protected":false},"author":9,"featured_media":0,"parent":0,"menu_order":0,"comment_status":"closed","ping_status":"closed","template":"","meta":{"footnotes":""},"class_list":["post-1348","page","type-page","status-publish","hentry"],"_links":{"self":[{"href":"https:\/\/www.pro-act.at\/Jugendgemeinderat-Graz\/wp-json\/wp\/v2\/pages\/1348","targetHints":{"allow":["GET"]}}],"collection":[{"href":"https:\/\/www.pro-act.at\/Jugendgemeinderat-Graz\/wp-json\/wp\/v2\/pages"}],"about":[{"href":"https:\/\/www.pro-act.at\/Jugendgemeinderat-Graz\/wp-json\/wp\/v2\/types\/page"}],"author":[{"embeddable":true,"href":"https:\/\/www.pro-act.at\/Jugendgemeinderat-Graz\/wp-json\/wp\/v2\/users\/9"}],"replies":[{"embeddable":true,"href":"https:\/\/www.pro-act.at\/Jugendgemeinderat-Graz\/wp-json\/wp\/v2\/comments?post=1348"}],"version-history":[{"count":10,"href":"https:\/\/www.pro-act.at\/Jugendgemeinderat-Graz\/wp-json\/wp\/v2\/pages\/1348\/revisions"}],"predecessor-version":[{"id":1520,"href":"https:\/\/www.pro-act.at\/Jugendgemeinderat-Graz\/wp-json\/wp\/v2\/pages\/1348\/revisions\/1520"}],"wp:attachment":[{"href":"https:\/\/www.pro-act.at\/Jugendgemeinderat-Graz\/wp-json\/wp\/v2\/media?parent=1348"}],"curies":[{"name":"wp","href":"https:\/\/api.w.org\/{rel}","templated":true}]}}

<div class="wp-block-media-text has-media-on-the-right is-stacked-on-mobile"><div class="wp-block-media-text__content">
<p class="wp-block-paragraph"><strong>Hast du eine Idee?</strong></p>



<p class="wp-block-paragraph"><strong>Dann mach bei proAct 2027 mit!<br />Bei uns gibt es bis zu € 5.000.- für dein Projekt!</strong></p>
</div><figure class="wp-block-media-text__media"><img loading="lazy" decoding="async" width="380" height="380" src="https://www.pro-act.at/Jugendgemeinderat-Graz/wp-content/uploads/2026/07/proAct-2027-Save-the-Date-1080-x-1080-px1-380x380.png" alt="" class="wp-image-1358 size-full" srcset="https://www.pro-act.at/Jugendgemeinderat-Graz/wp-content/uploads/2026/07/proAct-2027-Save-the-Date-1080-x-1080-px1-380x380.png 380w, https://www.pro-act.at/Jugendgemeinderat-Graz/wp-content/uploads/2026/07/proAct-2027-Save-the-Date-1080-x-1080-px1-768x768.png 768w, https://www.pro-act.at/Jugendgemeinderat-Graz/wp-content/uploads/2026/07/proAct-2027-Save-the-Date-1080-x-1080-px1-624x624.png 624w, https://www.pro-act.at/Jugendgemeinderat-Graz/wp-content/uploads/2026/07/proAct-2027-Save-the-Date-1080-x-1080-px1.png 1080w" sizes="auto, (max-width: 380px) 100vw, 380px" /></figure></div>



<p class="has-text-align-center wp-block-paragraph"><strong>Reiche deine Idee ein und überzeuge andere Jugendliche.</strong></p>



<div class="wp-block-columns is-layout-flex wp-container-core-columns-is-layout-8f761849 wp-block-columns-is-layout-flex">
<div class="wp-block-column is-layout-flow wp-block-column-is-layout-flow" style="flex-basis:100%">
<div class="wp-block-buttons is-content-justification-center is-layout-flex wp-container-core-buttons-is-layout-f5f78b3b wp-block-buttons-is-layout-flex">
<div class="wp-block-button is-style-fill"><a class="wp-block-button__link has-text-align-center wp-element-button" href="https://www.pro-act.at/Jugendgemeinderat-Graz/mitmachen/" target="_blank" rel="noreferrer noopener"><strong>🟥 Jetzt mitmachen</strong></a></div>



<div class="wp-block-button is-style-fill"><a class="wp-block-button__link has-text-align-center wp-element-button" href="https://www.pro-act.at/Jugendgemeinderat-Graz/ablauf/" target="_blank" rel="noreferrer noopener"><strong>⬛️ So funioniert&#8217;s</strong></a></div>
</div>
</div>
</div>



<p class="wp-block-paragraph"></p>



<div class="wp-block-media-text is-stacked-on-mobile"><figure class="wp-block-media-text__media"><img loading="lazy" decoding="async" width="380" height="214" src="https://www.pro-act.at/Jugendgemeinderat-Graz/wp-content/uploads/2026/07/Grafik-proAct-Orpheum-380x214.png" alt="" class="wp-image-1350 size-full" srcset="https://www.pro-act.at/Jugendgemeinderat-Graz/wp-content/uploads/2026/07/Grafik-proAct-Orpheum-380x214.png 380w, https://www.pro-act.at/Jugendgemeinderat-Graz/wp-content/uploads/2026/07/Grafik-proAct-Orpheum-768x432.png 768w, https://www.pro-act.at/Jugendgemeinderat-Graz/wp-content/uploads/2026/07/Grafik-proAct-Orpheum-1536x864.png 1536w, https://www.pro-act.at/Jugendgemeinderat-Graz/wp-content/uploads/2026/07/Grafik-proAct-Orpheum-624x351.png 624w, https://www.pro-act.at/Jugendgemeinderat-Graz/wp-content/uploads/2026/07/Grafik-proAct-Orpheum.png 1920w" sizes="auto, (max-width: 380px) 100vw, 380px" /></figure><div class="wp-block-media-text__content">
<p class="wp-block-paragraph"><strong>Willst auch du Teil von proAct werden?<br /><br />Dann reiche deine Idee ein und überzeuge andere Jugendliche.</strong></p>
</div></div>



<h2 class="wp-block-heading"><a href="https://www.pro-act.at/Jugendgemeinderat-Graz/ablauf/" data-type="page" data-id="40" target="_blank" rel="noreferrer noopener">Ablauf</a></h2>



<ul class="wp-block-list">
<li>💡<strong>Projektidee entwickeln</strong></li>



<li>📝<strong>Projekt einreichen</strong></li>



<li>🎤<strong>Präsentieren</strong></li>



<li>🗳 <strong>Wahlen</strong></li>



<li>🚀<strong>Projekt umsetzen</strong></li>
</ul>



<p class="wp-block-paragraph"><strong>Während des ganzes Ablaufs bekommst du Unterstützung vom <a href="https://www.pro-act.at/Jugendgemeinderat-Graz/proact-team/" data-type="page" data-id="1414" target="_blank" rel="noreferrer noopener">proAct Team</a>.</strong> 🤝</p>



<p class="wp-block-paragraph"></p>

<p>Hast du eine Idee? Dann mach bei proAct 2027 mit!Bei uns gibt es bis zu € 5.000.- für dein Projekt! Reiche deine Idee ein und überzeuge andere Jugendliche. Willst auch du Teil von proAct werden? Dann reiche deine Idee ein und überzeuge andere Jugendliche. Ablauf Während des ganzes Ablaufs bekommst du Unterstützung vom proAct Team. [&hellip;]</p>
