{"id":29,"date":"2011-10-05T09:40:53","date_gmt":"2011-10-05T08:40:53","guid":{"rendered":"http:\/\/www.pro-act.at\/Jugendgemeinderat-Graz\/?page_id=29"},"modified":"2026-03-26T13:41:32","modified_gmt":"2026-03-26T12:41:32","slug":"teilnahme","status":"publish","type":"page","link":"https:\/\/www.pro-act.at\/Jugendgemeinderat-Graz\/teilnahme\/","title":{"rendered":"Regeln"},"content":{"rendered":"<p><strong>Mitmachen und mit entscheiden k\u00f6nnen alle Jugendlichen und jungen Erwachsene, die&#8230;<\/strong><\/p>\n<ul>\n<li>zwischen 14 und 21 Jahre alt sind.<\/li>\n<li>alleine, oder auch als Projektgruppe eine tolle Idee haben.<\/li>\n<li>ihren Lebensmittelpunkt in Graz haben (das hei\u00dft, ihren Wohnort, ihre Ausbildung, ihren Beruf&#8230;).<\/li>\n<\/ul>\n<p><strong>Was wird von dir erwartet?<\/strong><\/p>\n<ul>\n<li>Verantwortung, Initiative &amp; Selbstst\u00e4ndigkeit: Die Projekte m\u00fcssen in allen Phasen von\u00a0dir und deiner Projektgruppe selbst erarbeitet und getragen werden.<\/li>\n<li>Ganz wichtig ist\u00a0dein\/euer pers\u00f6nlicher Einsatz, und dass das Projekt reif f\u00fcr die Umsetzung ist!<\/li>\n<\/ul>\n<p><strong>Was es sonst noch zu wissen gibt?<\/strong><\/p>\n<ul>\n<li>Pro Teilnehmer*in bzw. Teilnehmer*innen-Gruppe ist nur ein Projekt m\u00f6glich!<\/li>\n<li><strong>Personen und Projekte, die bereits ein Budget aus dem proAct Jugendbudget erhalten haben d\u00fcrfen kein weiteres Mal einreichen<\/strong>. Jedoch d\u00fcrfen sie gerne im Team eines anderen Projektes mitwirken, aber sie d\u00fcrfen das Projekt nicht auf der B\u00fchne pr\u00e4sentieren.\u00a0<\/li>\n<li>Nicht zugelassen sind Projekte, die gegen Gesetze und Menschenrechte versto\u00dfen, Gruppen\/Minderheiten diskriminieren bzw. Gewalt verherrlichen.<\/li>\n<li>Tabakwaren &amp; verwandte Erzeugnisse, Alkohol und diverse andere legale sowie illegale Drogen k\u00f6nnen nicht vom Jugendbudget abgerechnet werden.<\/li>\n<li>Gerne unterst\u00fctzen wir dich bei Fragen &amp; Unsicherheiten! Schau einfach bei uns vorbei, oder kontaktiere uns per WhatsApp, E-Mail, oder telefonisch.<\/li>\n<li><strong>Anmeldeschluss<\/strong> f\u00fcr proAct 2026 ist der 04. April 2026.<\/li>\n<\/ul>\n<p>Frische, verr\u00fcckte und kreative Ideen sind gefragt \u2013 entwickle ein Konzept und zeige, was in dir steckt! Alle demokratisch von den Jugendlichen gew\u00e4hlten Projekte werden innerhalb des Folgejahres realisiert &#8211; daf\u00fcr steht euch das Grazer Jugendbudget von insgesamt \u20ac 25.000.- zur Verf\u00fcgung.<strong>\u00a0<\/strong><\/p>\n\n\n<p><\/p>\n","protected":false},"excerpt":{"rendered":"<p>Mitmachen und mit entscheiden k\u00f6nnen alle Jugendlichen und jungen Erwachsene, die&#8230; zwischen 14 und 21 Jahre alt sind. alleine, oder auch als Projektgruppe eine tolle Idee haben. ihren Lebensmittelpunkt in Graz haben (das hei\u00dft, ihren Wohnort, ihre Ausbildung, ihren Beruf&#8230;). Was wird von dir erwartet? Verantwortung, Initiative &amp; Selbstst\u00e4ndigkeit: Die Projekte m\u00fcssen in allen Phasen [&hellip;]<\/p>\n","protected":false},"author":6,"featured_media":0,"parent":0,"menu_order":0,"comment_status":"closed","ping_status":"closed","template":"","meta":{"footnotes":""},"class_list":["post-29","page","type-page","status-publish","hentry"],"_links":{"self":[{"href":"https:\/\/www.pro-act.at\/Jugendgemeinderat-Graz\/wp-json\/wp\/v2\/pages\/29","targetHints":{"allow":["GET"]}}],"collection":[{"href":"https:\/\/www.pro-act.at\/Jugendgemeinderat-Graz\/wp-json\/wp\/v2\/pages"}],"about":[{"href":"https:\/\/www.pro-act.at\/Jugendgemeinderat-Graz\/wp-json\/wp\/v2\/types\/page"}],"author":[{"embeddable":true,"href":"https:\/\/www.pro-act.at\/Jugendgemeinderat-Graz\/wp-json\/wp\/v2\/users\/6"}],"replies":[{"embeddable":true,"href":"https:\/\/www.pro-act.at\/Jugendgemeinderat-Graz\/wp-json\/wp\/v2\/comments?post=29"}],"version-history":[{"count":10,"href":"https:\/\/www.pro-act.at\/Jugendgemeinderat-Graz\/wp-json\/wp\/v2\/pages\/29\/revisions"}],"predecessor-version":[{"id":1285,"href":"https:\/\/www.pro-act.at\/Jugendgemeinderat-Graz\/wp-json\/wp\/v2\/pages\/29\/revisions\/1285"}],"wp:attachment":[{"href":"https:\/\/www.pro-act.at\/Jugendgemeinderat-Graz\/wp-json\/wp\/v2\/media?parent=29"}],"curies":[{"name":"wp","href":"https:\/\/api.w.org\/{rel}","templated":true}]}}