{"id":567,"date":"2019-06-04T19:54:19","date_gmt":"2019-06-04T18:54:19","guid":{"rendered":"http:\/\/www.pro-act.at\/Jugendgemeinderat-Graz\/?page_id=567"},"modified":"2026-04-11T13:05:27","modified_gmt":"2026-04-11T12:05:27","slug":"aktuelle_projekte","status":"publish","type":"page","link":"https:\/\/www.pro-act.at\/Jugendgemeinderat-Graz\/aktuelle_projekte\/","title":{"rendered":"Projekte 2026"},"content":{"rendered":"<p>Hier eine \u00dcbersicht der Projektideen von proAct 2026.<\/p>\n<p><strong>VERTEX<\/strong> &#8211; Issa<br \/>Vertex ist eine offene Jugend-Community in Graz, die ambitionierten Menschen einen Raum gibt, sich gegenseitig durch Skill-Austausch, gemeinsame Challenges und echte Erlebnisse kontinuierlich zu verbessern \u2013 ohne Neid, ohne Scham, nur mit dem puren Willen zu wachsen.<\/p>\n<p><strong>Belfassi Originals<\/strong> &#8211; Ayoub<br \/>Belfassi Originals vereint seltene Vintage-Unikate der 90er und 2000er gepr\u00e4gt von Sport, Performance und den Stra\u00dfen Wiens, Paris, Berlins und Casablancas in einem Online-Shop.<\/p>\n<p><strong>Zirkus f\u00fcr alle!<\/strong> &#8211; Mia &amp; Team<br \/>Du m\u00f6chtest Zirkus ausprobieren? Erlebe Zirkus f\u00fcr alle! Ein kostenloses Freizeitprogramm f\u00fcr Jung und Alt. Auftaktveranstaltung beim \u201eTag der Zirkusschule\u201c &amp; Schnupper-Stunde zum Ausprobieren. F\u00fcr alle Interessierten gibt es anschlie\u00dfend vier Vertiefungstage.<\/p>\n<p><strong>Less Screen. More Green<\/strong>. &#8211; Mostafa<br \/>Ein f\u00fcnft\u00e4giges Naturcamp, das Jugendliche bewusst aus dem digitalen Alltag herausholt, um durch Naturerfahrungen ihre mentale Gesundheit, Selbstst\u00e4ndigkeit und sozialen Kompetenzen zu st\u00e4rken.<\/p>\n<p><strong>RadlBar \u2013 Mobile Treffpunkte<\/strong> &#8211; Jusef<br \/>Die RadlBar ist ein mobiles Getr\u00e4nkefahrrad, das an beliebten Orten in Graz spontane Treffpunkte schafft und jungen Menschen sowie Familien einen einfachen Zugang zu Gemeinschaft, Erholung und Austausch bietet.<\/p>\n<p><strong>Helioscan 3D<\/strong> &#8211; Matthias &amp; Theodor<br \/>Helioscan 3D ist ein kompaktes 3D-Scansystem, das einen hochfrequenten LiDAR-Sensor mit einer 4K-Kamera mit engem Sichtfeld kombiniert, um detaillierte Umgebungen zu erfassen.<\/p>\n<p><strong>Jugend mit Tugend<\/strong> &#8211; Denis<br \/>Sch\u00f6ne Erinnerungen und Erlebnisse schaffen f\u00fcr Kinder und Jugendliche die sich das sonst nicht leisten k\u00f6nnen. Gemeinsam mit Organisationen werden Aktionen geplant und durchgef\u00fchrt.<\/p>\n<p><strong>PACEMAKERBOYS<\/strong> &#8211; Marco<br \/>Pacemaker Boys ist mehr als ein Run Club, es ist eine Bewegung. Wir inspirieren Menschen jeder Altersgruppe dazu, sich durch Sport und Disziplin selbst zu finden.<\/p>\n<p><strong>Spot the Real One<\/strong> &#8211; Emma &amp; Karin<br \/>&#8230;ist ein Sozial-Experiment, in dem mehrere Kandidat:innen die selbe Identit\u00e4t verk\u00f6rpern \u2013 doch nur eine Person ist echt und am Ende entscheidet \u00dcberzeugungskraft, Menschenkenntnis und Intuition dar\u00fcber, wer \u201ethe Real One\u201c ist!<\/p>\n<p><strong>Ich und mein Traum-Gaming-Room<\/strong> &#8211; Mohamad<br \/>Einrichtung eines privaten Gaming-Rooms mit Komfort, Design und Atmosph\u00e4re.<\/p>\n<p><strong>Studio SL<\/strong> &#8211; Lorenz<br \/>Studio SL ist eine Video-Agentur, die Content Creators und Unternehmen hilft, online mehr Aufmerksamkeit zu generieren.<\/p>\n<p><strong>Content Studio<\/strong> &#8211; Khaled<br \/>Aufbau eines professionellen Studios f\u00fcr Content-Produktion (Foto, Video, Social Media, Werbung). Das Studio richtet sich an Unternehmen, Influencer:innen und Privatkund:innen.<\/p>\n<p><strong>Jugend-Reise &amp; Erfahrungen teilen<\/strong> &#8211; G\u00fcrkan<br \/>Eine kleine Jugendgruppe reist durch ein Land und zeigt ihre Erfahrungen mit Fotos und Tipps f\u00fcr andere Jugendliche.<\/p>\n<p><strong>Urlaub in Antalya<\/strong> &#8211; H\u00fcseyin<br \/>Eine Gruppe von Freunden macht im Juli Urlaub in Antalya. Ziel ist es, Austausch zu f\u00f6rdern, neue Verbindungen zu schaffen und gemeinsame Erfahrungen zu sammeln.<\/p>\n<p><strong>More than just a film<\/strong> &#8211; Arin<br \/>Gemeinsam mit interessierten Jugendlichen soll ein Kurzfilm produziert werden. Genre, Handlung, Musikkomposition und zahlreiche weitere Details sollen gemeinsam mit allen teilnehmenden Jugendlichen entschieden werden.<\/p>\n<p><strong>One Last Ride<\/strong> &#8211; Emma &amp; Team<br \/>Es soll eine Reise werden, bei der Erinnerungen f\u00fcr die Ewigkeit geschaffen werden.<\/p>\n<p><strong>make art. make friends<\/strong> &#8211; Amira<br \/>Verwandle Ton in Kunst und Fremde in Freund:innen. Gratis T\u00f6pferkurse f\u00fcr Jugendliche &amp; T\u00f6pfermaterial, um auch nach den Kursen mit Freund:innen weiter t\u00f6pfern zu k\u00f6nnen.<\/p>\n<p><strong>Jugendreise Entdecken, Dokumentieren &amp; Inspirieren<\/strong> &#8211; Klejton<br \/>Eine Jugendgruppe reist innerhalb der EU, um neue Kulturen zu entdecken und ihre Erfahrungen in Form von Fotos und Eindr\u00fccken f\u00fcr andere Jugendliche festzuhalten.<\/p>\n<p><strong>Project Seven 77<\/strong> &#8211; Fiona &amp; Team<br \/>ProjectSeven77 ist eine Plattform, die junge Menschen in Graz durch exklusive Events, Community-Erlebnisse und kreative Kooperationen zusammenbringt und ihnen ein einzigartiges Lifestyle-Gef\u00fchl vermittelt.<\/p>\n<p><strong>Samiko Rap Album<\/strong> &#8211; Sam<br \/>Professionelle Produktion eines Rap-Albums. Im Rahmen des Projektes soll monatlich ein Track samt Musikvideo ver\u00f6ffentlicht werden.<br \/><br \/><strong>HerSpace<\/strong> &#8211; Bisan<br \/>Das Projekt verbindet Spa\u00df, Kreativit\u00e4t und Gemeinschaft, um M\u00e4dchen und junge Frauen (15\u201324) in ihrem Selbstwert, Wohlbefinden und ihrer pers\u00f6nlichen Entwicklung zu st\u00e4rken.<\/p>\n<p><strong>SHHweigenistgold<\/strong> &#8211; Adem<br \/>SHHweigenistgold ist ein Musik- und Streamingprojekt, bei dem junge Hip-Hop-K\u00fcnstler:innen aus Graz gemeinsam mit der Community live an Songs arbeiten und professionelle Features f\u00fcr das gleichnamige Album entstehen.<\/p>\n<p>Hier geht es zum Timetable f\u00fcr proAct 2026:\u00a0<a href=\"https:\/\/www.pro-act.at\/Jugendgemeinderat-Graz\/wp-content\/uploads\/2026\/04\/Timetable-proAct-2026.pdf\">https:\/\/www.pro-act.at\/Jugendgemeinderat-Graz\/wp-content\/uploads\/2026\/04\/Timetable-proAct-2026.pdf<\/a><\/p>\n\n\n<p><\/p>\n","protected":false},"excerpt":{"rendered":"<p>Hier eine \u00dcbersicht der Projektideen von proAct 2026. VERTEX &#8211; IssaVertex ist eine offene Jugend-Community in Graz, die ambitionierten Menschen einen Raum gibt, sich gegenseitig durch Skill-Austausch, gemeinsame Challenges und echte Erlebnisse kontinuierlich zu verbessern \u2013 ohne Neid, ohne Scham, nur mit dem puren Willen zu wachsen. Belfassi Originals &#8211; AyoubBelfassi Originals vereint seltene Vintage-Unikate [&hellip;]<\/p>\n","protected":false},"author":6,"featured_media":0,"parent":0,"menu_order":0,"comment_status":"closed","ping_status":"closed","template":"","meta":{"footnotes":""},"class_list":["post-567","page","type-page","status-publish","hentry"],"_links":{"self":[{"href":"https:\/\/www.pro-act.at\/Jugendgemeinderat-Graz\/wp-json\/wp\/v2\/pages\/567","targetHints":{"allow":["GET"]}}],"collection":[{"href":"https:\/\/www.pro-act.at\/Jugendgemeinderat-Graz\/wp-json\/wp\/v2\/pages"}],"about":[{"href":"https:\/\/www.pro-act.at\/Jugendgemeinderat-Graz\/wp-json\/wp\/v2\/types\/page"}],"author":[{"embeddable":true,"href":"https:\/\/www.pro-act.at\/Jugendgemeinderat-Graz\/wp-json\/wp\/v2\/users\/6"}],"replies":[{"embeddable":true,"href":"https:\/\/www.pro-act.at\/Jugendgemeinderat-Graz\/wp-json\/wp\/v2\/comments?post=567"}],"version-history":[{"count":10,"href":"https:\/\/www.pro-act.at\/Jugendgemeinderat-Graz\/wp-json\/wp\/v2\/pages\/567\/revisions"}],"predecessor-version":[{"id":1292,"href":"https:\/\/www.pro-act.at\/Jugendgemeinderat-Graz\/wp-json\/wp\/v2\/pages\/567\/revisions\/1292"}],"wp:attachment":[{"href":"https:\/\/www.pro-act.at\/Jugendgemeinderat-Graz\/wp-json\/wp\/v2\/media?parent=567"}],"curies":[{"name":"wp","href":"https:\/\/api.w.org\/{rel}","templated":true}]}}